y/(-3))/((-2)/3). Let c(n) be the second derivative of n**3/6 + 2*n. Calculate c(v).
-5
Let q(v) = -8*v + 2 - 3*v - 1 + v**2 + 6*v - 3*v**2. What is q(-4)?
-11
Let z(m) = m**2 + 7*m + 5. Let r = -24 - -28. Suppose -d - r*j = -6*d - 24, -j = 5*d + 19. Give z(d).
-7
Let a(l) = -6*l + 1. Suppose -91 + 105 = -14*r. Give a(r).
7
Let r(g) = g**2 + 6*g - 4. Let z be (-220)/121 + 2/(-11). Let i(l) = -2*l**2 - 3*l - 4. Let d be i(z). Determine r(d).
-4
Let l(x) be the first derivative of x**2 - x - 288. Give l(-2).
-5
Let t(q) = 8*q**2 + 17*q - 21. Let n(k) = 2*k**2 + 4*k - 5. Let i(m) = -9*n(m) + 2*t(m). Let x be (-51)/(-18) - (-2)/12. Give i(x).
-21
Suppose k - 49 = 6. Let b(q) = -q + 29 + 27 - k. Let c be (-5)/((-5)/(-6)) + 2. Calculate b(c).
5
Let w = 7 + -3. Let u = w + -3. Let z(p) = -p - 7. Let m(i) = -i - 4. Let g(c) = -5*m(c) + 3*z(c). Determine g(u).
1
Let c(l) = -l**2 - 4*l + 3. Let r be c(-4). Let j be r/(-1) - 0/7. Let s be (j + 0)/(-1 + 2). Let i(k) = -2*k - 2. What is i(s)?
4
Let n(x) be the third derivative of x**4/24 + x**2. Let h be n(2). Suppose -14*k = -13*k + h. Let c(t) = -3*t. Determine c(k).
6
Let v(h) = h**2 - h + 2. Let m(a) = 2*a**2 - a + 4. Let y(o) = 2*m(o) - 5*v(o). Suppose -2*d + 2*r = -17 - 1, 5*r + 21 = -d. Calculate y(d).
-6
Let k(p) = -p**2 - 19*p + 19. Suppose 45*y = 36*y - 180. Determine k(y).
-1
Let p = 732 - 737. Let t(r) = -r**2 - 8*r. Determine t(p).
15
Let p(f) be the first derivative of f**3/3 - 3*f**2 - 4*f + 17. Let n be (-2)/(-9) + 392/18. Let j be n/11*(-7)/(-2). What is p(j)?
3
Let o(w) = 2*w**2 + 1 + 3*w - w + 0*w. Let t = 47 + -48. Determine o(t).
1
Let z(j) = 3*j - 1. Let k(s) = 3*s - 2. Let f(o) = -16*o + 11. Let r(w) = 4*f(w) + 22*k(w). Let m(c) = 6*r(c) - 5*z(c). What is m(4)?
-7
Let n(q) be the third derivative of -q**5/60 - q**4/12 - 2*q**3/3 + q**2. Suppose 18*o = -1 - 53. What is n(o)?
-7
Let w(k) = k + 15. Let j be (780/104)/((-1)/2). Determine w(j).
0
Suppose -5*w + 0 = -10. Let c(u) = w*u + 0*u + 3*u - 1. Calculate c(1).
4
Let g(o) = o**2 - o - 1. Let m be (-2 - (-84)/16)/((-2)/(-32)). Let n(h) = -26*h**3 + 52*h**2 - 52*h - 52. Let a(x) = m*g(x) - n(x). Give a(1).
26
Let k(f) = f**2 - 3*f + 4. Let o = -88 + 91. What is k(o)?
4
Suppose -2*l + 2*x + 10 = 0, 2*x = l + 6*x - 5. Let g(j) = j - 7. Give g(l).
-2
Let g(l) = -2*l**2 - 2*l + 1. Suppose 29 = 2*j + 5*m, -2*j + 2*m + 39 = -3*m. Suppose 0 = -3*v - 2*q - 3*q + 19, 5*q - j = -4*v. Calculate g(v).
-3
Suppose 5*p = 2*f + 45, -6*p + 5*p - 4*f + 9 = 0. Let m(a) = -a**2 + 9*a - 5. Determine m(p).
-5
Let v = -51 + 53. Suppose -2*c + 3*f - 5 = -0*c, -2 = c - v*f. Let m(u) = -2*u + 4. Determine m(c).
12
Let p(i) = -i**2 - 10*i - 11. Let z = -151 - -140. Determine p(z).
-22
Let r be (0 - -1)/((-3)/(-6)). Let c(v) = -v - 3*v**r - 9*v - 3*v**2 + 5*v**2 - 12. What is c(-8)?
4
Let g(p) be the second derivative of 0 - 1/4*p**4 - 11*p - 2/3*p**3 + 1/20*p**5 + 2*p**2. Suppose 4*x - 7 = 9. Calculate g(x).
4
Let g(y) = 5*y + 77. Let c be g(-13). Let j(n) = -n**2 + 13*n - 3. Give j(c).
9
Let z(l) = -2*l + 31. Let j be z(17). Let w be (-6 - 9/j) + 2. Let x(t) = -t**2 - 2 + 3 - 3*t**2. Give x(w).
-3
Let k(z) be the third derivative of -1/120*z**6 - 1/15*z**5 + 1/4*z**4 + 10*z**2 + 0 + 0*z + 7/6*z**3. Calculate k(-5).
2
Let f(d) = d**3 - 4*d**2 - d - 11. Let z be (0 - (-16)/8) + 3. Give f(z).
9
Let b(k) = -k**3 - 4*k**2 + 4*k - 7. Let j be (-1 - 23)/(-3 - -2). Suppose a + 2*i - 2 = 0, j = -a + 5*i - 9. Let l = a + 3. Determine b(l).
-2
Let m be (-3)/(171/(-266)) + 2/(-3). Let l(w) be the first derivative of 2*w**2 - 4 - 1/4*w**m - 2*w + 4/3*w**3. Calculate l(5).
-7
Suppose -10 = 215*k - 217*k. Let j(z) = z**3 - 7*z**2 + 4*z + 6. What is j(k)?
-24
Let u(v) = -4*v + 4. Let w(l) = l. Let m(i) = 2*u(i) + 10*w(i). Calculate m(-6).
-4
Let f = -26 - -18. Let z = 10 + f. Let c(b) = 2*b. Give c(z).
4
Let f(t) = -t**2 + 19*t - 29. Let m be f(17). Suppose -y + 48 = m*p + 3*y, 5*p = 5*y + 30. Let c(g) = g**2 - 9*g + 2. What is c(p)?
-6
Let g(i) be the second derivative of -i**4/12 - i**3/6 + 3*i**2/2 - 4*i - 8. Calculate g(-4).
-9
Let f(j) = j**3 - 4*j**2 + 3*j - 7. Let l(y) = y**3 - 6*y**2 + 9*y + 3. Let w be l(3). What is f(w)?
-7
Let c be (-3)/(4*(-24)/224). Let m(b) = -b + 14. Give m(c).
7
Let c be 12/(-20) + 6/10. Suppose 0 = v - c*v - 4. Let w(q) = 4*q - 1. Calculate w(v).
15
Let f(p) = p**2 + 0 - 5 + 4. Let a(c) = -2*c**2 - 4*c + 1. Let i(b) = -a(b) - f(b). What is i(-4)?
0
Let r(h) = 3*h - 32. Let u(f) = -f**2 - 9*f - 9. Let k be u(-4). Let m be r(k). Let c(o) = -4 + 2*o**2 + o**3 + 3 - 3*o**3. Determine c(m).
-1
Let c(l) = -l**2 + 6*l + 2. Let y(j) = 15*j**2 - 6*j - 1. Let r be y(1). Calculate c(r).
-14
Let k(o) = -o - 1. Let l(f) = f - 2. Let t(m) = 6*k(m) - 5*l(m). Determine t(-3).
37
Let a = 28 - 4. Let w be -1 + 1 + 8*6/a. Let z(b) = -b**3 + 3*b**2 + b + 2. Give z(w).
8
Suppose 2*r + 8 = -0*r. Let s(o) = o**2 - o + 1. Let h(z) = z**3 - 2*z**2 + 1. Let u(j) = -h(j) - 4*s(j). Calculate u(r).
11
Let d(w) = 9 + 3*w - 16*w - 7*w + 13. Let v(c) = -7*c + 7. Let y(j) = -6*d(j) + 17*v(j). Calculate y(6).
-7
Let k be (-3 + 2)*1*6. Let i(q) = 5*q + 1. Let x(t) = 17*t - 1. Let y(j) = 9*j. Let w(g) = 2*x(g) - 5*y(g). Let o(f) = -9*i(f) - 4*w(f). What is o(k)?
5
Suppose -7*c - 6 = -10*c. Let r(p) = 4*p**c + 7 + 0*p**2 - 5*p**2 + 2*p**2 + 6*p. Determine r(-5).
2
Let c(m) = 7 - 3*m**2 - m**2 + 3*m**2 - 15*m + 17*m - 11*m. Give c(-9).
7
Let m(f) be the first derivative of -f**2 - 2*f - 1. Suppose 2*w = z - 5, 24*w - 20*w + 15 = -3*z. Give m(w).
4
Let x = 0 - -2. Let a(o) = -36*o - 30. Let l be a(-1). Let h be (1 - x) + (l - 3). Let v(k) = 5*k + 1. Determine v(h).
11
Let d be 10/4*(-180)/150. Let r(l) = -2*l + 3. Give r(d).
9
Let b(m) = 13*m + 82. Let q be b(-6). Let d be (-3)/(-2) - (-2)/4. Let p(t) = 0*t**d - 2*t**2 + 3*t**2 - 4*t + 6. What is p(q)?
6
Let k(s) be the first derivative of 3*s**4/2 - s**3/3 + s**2/2 - s + 1014. Let p = 0 - -1. Determine k(p).
5
Let c(x) be the first derivative of -3*x**2 - x - 43. Let z be (-3)/(-12) + (-10)/8. What is c(z)?
5
Let a(d) = -d**2 + 10*d + 14. Let j = 64 + -53. Calculate a(j).
3
Let o(y) = -y**3 + 9*y**2 - 8*y - 6. Let s be (-18)/12*(-240)/45. What is o(s)?
-6
Let j(q) = -q + 1. Let n(r) be the second derivative of -r**5/20 - 2*r**4/3 + 7*r**3/6 - 17*r**2/2 + 4*r. Let u be n(-9). Determine j(u).
0
Let c(k) = k**3 + 18*k**2 + 15*k - 25. Let i(r) = -7*r - 17. Let h be i(0). Calculate c(h).
9
Let j(u) = u**3 - 7*u**2 + 2*u - 6. Suppose 20*h - 224 = -12*h. Calculate j(h).
8
Let t(z) = 11*z**3 - 7*z**2 - 3*z - 2. Let j(n) = -16*n**3 + 11*n**2 + 5*n + 3. Let s(r) = 5*j(r) + 8*t(r). Determine s(1).
7
Let i be 0 + (4/2 - -6). Let g = 4 - i. Let b(h) = -3*h**2 + 3 - h**2 - 5 + h**3 + 8*h**2. Determine b(g).
-2
Let d = -218 + 222. Let w(a) = 1. Let o(t) = -4*t**2. Let k(q) = 3*q**2 + q - 1. Let m(u) = -5*k(u) - 4*o(u). Let j(h) = m(h) + w(h). Calculate j(d).
2
Let z(d) = -3*d**3 - 10*d**2 - 15*d - 3. Let a(y) = -16*y**3 - 49*y**2 - 77*y - 15. Let n(g) = 2*a(g) - 11*z(g). Calculate n(-11).
3
Let w(g) = -13*g**2 - 3*g - 13. Let f(t) = 7 - 2*t**2 + 0*t**2 + 4*t**2 + t + 5*t**2. Let b(j) = 11*f(j) + 6*w(j). Calculate b(-7).
-1
Let k(g) = 5*g + 25. Suppose 4*r - 1 + 9 = 0. Let b(y) = -y - 6. Let u(p) = r*k(p) - 9*b(p). Let n(c) = c**3 - 3*c**2 - c + 3. Let q be n(3). Give u(q).
4
Let x(n) = 2*n + 4 + 2*n**3 + 3 - 5 - 5*n**3 + n**2 - 2*n**2. What is x(-2)?
18
Let y(o) = -o**3 + 4*o**2 + 3*o + 12. Suppose f + 2*t = 13, 2*f + 2*t = -3*t + 30. Let q be y(f). Let k(l) = -4*l**2 + 2*l + 1. Calculate k(q).
-11
Suppose -8*w = -12*w + 16. Let k(u) be the second derivative of u**3 + 3*u - 1/3*u**w + 0*u**2 - 1/20*u**5 + 0. Determine k(-5).
-5
Let q be 30/3 + -2 - 1. Let g(k) = 5*k**2 + q*k**2 - 11*k**2. Let c(p) = p**3 - 2*p**2 - 6*p + 7. Let u be c(3). Determine g(u).
4
Let n(w) = w**2 - 7*w + 2. Let t(m) = 2*m**2 - 8*m + 3. Let g(p) = 3*n(p) - 2*t(p). Let d = 285 + -290. Give g(d).
0
Suppose 4*i - 5*c + 12 = 0, -3*i = -5*c + 19 - 15. Let h(r) = r**2 - 2*r - 16. Determine h(i).
64
Let y(m) = m**2 - m - 2. Let v be y(2). Let o(z) be the first derivative of 7*z + 1/3*z**3 + 1/4*z**4 - 1/2*z**2 + 16. Calculate o(v).
7
Let w(t) = -t - 11. Suppose 23*a = -3*